, what is -3 - 3034144?
-3034202
In base 6, what is -11501550 - 5?
-11501555
In base 16, what is -1 - 5c2?
-5c3
In base 14, what is 0 - -5c70?
5c70
In base 7, what is 134 + -3233?
-3066
In base 13, what is 24a - -3b7?
634
In base 11, what is 2263 - 2?
2261
In base 9, what is -4 - 125765?
-125770
In base 2, what is -10010011111110010001 - 1?
-10010011111110010010
In base 8, what is -302561 - 2?
-302563
In base 13, what is -a6c9 + 1?
-a6c8
In base 13, what is 873 - 10a?
766
In base 8, what is -5 + 540545?
540540
In base 12, what is 299a8 - -1?
299a9
In base 15, what is 1 + -141b?
-141a
In base 13, what is 2 + 108ac?
108b1
In base 4, what is 223 - 3011021?
-3010132
In base 16, what is e8a4 - 8?
e89c
In base 6, what is 122441 - 1?
122440
In base 12, what is 57 + -748?
-6b1
In base 12, what is -1bba5 + -4?
-1bba9
In base 8, what is 5 - 226226?
-226221
In base 8, what is 11 + 601?
612
In base 16, what is -50bc5 - -3?
-50bc2
In base 11, what is 1 - 147537?
-147536
In base 14, what is 36c - 21?
34b
In base 7, what is -445 + -305?
-1053
In base 10, what is 1 + 272683?
272684
In base 3, what is 202 - 1020221?
-1020012
In base 16, what is 30ee9 - -4?
30eed
In base 10, what is 25639 - 0?
25639
In base 12, what is 8841a - -2?
88420
In base 3, what is 11 + -2220012?
-2220001
In base 3, what is -1022022 + -2?
-1022101
In base 7, what is -3 - -106154?
106151
In base 2, what is 10 - -1010100100101000?
1010100100101010
In base 10, what is -1 - -675?
674
In base 2, what is -1001110011110100 + 0?
-1001110011110100
In base 4, what is 10 - -20011223?
20011233
In base 9, what is 152 - -1740?
2002
In base 7, what is -264561 + 16?
-264542
In base 2, what is -11100110 - 10010111?
-101111101
In base 9, what is -17 - -2127?
2110
In base 5, what is 2 - 12420342?
-12420340
In base 12, what is -37b - 27?
-3a6
In base 9, what is -57638 + 2?
-57636
In base 11, what is 157 - 136?
21
In base 5, what is -3 + -111230034?
-111230042
In base 8, what is 502 + -731?
-227
In base 4, what is -213 - -1022221?
1022002
In base 4, what is -300311102 + -11?
-300311113
In base 8, what is 3062515 - -5?
3062522
In base 8, what is 136 - 2564?
-2426
In base 2, what is -1100000 + 1000001001000?
111111101000
In base 13, what is 2 - -13b13?
13b15
In base 11, what is 342 + 77?
409
In base 15, what is -11 + 654?
643
In base 3, what is -1002 + -22121011?
-22122020
In base 8, what is -34101 + 7?
-34072
In base 3, what is -100210111002 + 21?
-100210110211
In base 10, what is -6 - 185645?
-185651
In base 12, what is -86366 - 4?
-8636a
In base 15, what is -2016 + -43?
-2059
In base 5, what is -1243314 + -1?
-1243320
In base 11, what is 25 - 5222?
-51a8
In base 5, what is 204412 + 1?
204413
In base 8, what is 164257 + 2?
164261
In base 16, what is 4 + -10283d?
-102839
In base 6, what is 2 - -1130330?
1130332
In base 13, what is 1 + -ab937?
-ab936
In base 4, what is 1 - 1111301103?
-1111301102
In base 3, what is 202000212 + 12?
202001001
In base 16, what is 5 - 24634?
-2462f
In base 14, what is d1c - -8?
d26
In base 4, what is 20 + 312333?
313013
In base 10, what is 88 + 292?
380
In base 3, what is 11021100220010 + -10?
11021100220000
In base 2, what is -101 + -10110111110011?
-10110111111000
In base 11, what is -5 + 887a2?
88798
In base 13, what is 95c5 + c?
9604
In base 12, what is 1609 - 611?
bb8
In base 5, what is -11444 - -2?
-11442
In base 6, what is 3 + -20213522?
-20213515
In base 12, what is -7083 - -9?
-7076
In base 8, what is -1511 + 1032?
-457
In base 16, what is -21f + -324?
-543
In base 13, what is -6 + -97cb?
-9804
In base 12, what is 417b - 1?
417a
In base 4, what is 2 - 1111323?
-1111321
In base 10, what is -11 - -1836?
1825
In base 15, what is -7a31b - 1?
-7a31c
In base 5, what is 340000 - -224?
340224
In base 10, what is -3 + 2087?
2084
In base 15, what is -2 + -10a7?
-10a9
In base 2, what is 100011000011 - 10010000000?
10001000011
In base 7, what is -2133144 + 0?
-2133144
In base 12, what is -5 - -5605?
5600
In base 7, what is -1204015 + -4?
-1204022
In base 4, what is -2 - -2113022?
2113020
In base 2, what is 111111010101 + -11110?
111110110111
In base 11, what is 23866 - 6?
23860
In base 5, what is -2341 + 11332?
3441
In base 13, what is -7 + 8608?
8601
In base 13, what is 1c1552 - -2?
1c1554
In base 15, what is 564 + eb?
660
In base 3, what is -101021 - 221112?
-1022210
In base 2, what is 11000010 + -1100011?
1011111
In base 10, what is 5 - 2268?
-2263
In base 16, what is -25c - -38?
-224
In base 8, what is -3 + -644362?
-644365
In base 4, what is -32 + -1330201?
-1330233
In base 3, what is 21 - 11221220?
-11221122
In base 3, what is 211122211 - 22?
211122112
In base 8, what is -15742 - 13?
-15755
In base 7, what is 11315 - -110?
11425
In base 3, what is -1112201100 + 201?
-1112200122
In base 11, what is 4 - 18546?
-18542
In base 7, what is 156 - 103541?
-103352
In base 11, what is 129 + -78?
61
In base 11, what is 22a - -66?
295
In base 13, what is 19bac + 2?
19bb1
In base 9, what is 203 + 3270?
3473
In base 11, what is -17 - -1a6501?
1a6495
In base 14, what is 27d69 - -3?
27d6c
In base 2, what is 110100110100111 - 10000?
110100110010111
In base 7, what is -1 - -23260?
23256
In base 8, what is -205037 - -4?
-205033
In base 2, what is 11101110011011110000 - -1?
11101110011011110001
In base 15, what is -2 - 27e61?
-27e63
In base 8, what is -16724 + -13?
-16737
In base 12, what is -b60 - 28?
-b88
In base 5, what is -10110 - 11411?
-22021
In base 15, what is 8b - -1dc9?
1e65
In base 9, what is 1660813 + -4?
1660808
In base 16, what is 3 + 2b95?
2b98
In base 5, what is -1110 + 1?
-1104
In base 14, what is 85931 + 1?
85932
In base 11, what is -153 - 14?
-167
In base 8, what is -500 - -343?
-135
In base 2, what is 100011001110 - -110001100?
101001011010
In base 11, what is -11 + 7978?
7967
In base 3, what is 1222111021 + -12?
1222111002
In base 9, what is 2627 - -176?
2814
In base 14, what is -3 - -2d8d9?
2d8d6
In base 14, what is d68b6 - 5?
d68b1
In base 16, what is -2ee + -194?
-482
In base 13, what is -3 + 4a8c?
4a89
In base 5, what is -10313 - 2343?
-13211
In base 3, what is 200101122 + 10?
200101202
In base 14, what is -c493 + 1?
-c492
In base 14, what is -10 + 14633?
14623
In base 7, what is -24 + -14363?
-14420
In base 14, what is 75 - -68c?
723
In base 11, what is -5 + 110aa4?
110a9a
In base 7, what is 26553 - 14?
26536
In base 6, what is 23 + -20335?
-20312
In base 11, what is 136a8 + -4?
136a4
In base 12, what is 3 + -230530?
-230529
In base 12, what is 0 + -680a?
-680a
In base 16, what is -139b0 + 4?
-139ac
In base 5, what is 102143240 - 20?
102143220
In base 9, what is -45106 - -7?
-45088
In base 11, what is 3 + 1a741a?
1a7422
In base 6, what is 1400 - 23530?
-22130
In base 8, what is 2226 + -104?
2122
In base 9, what is -534 - -5233?
4588
In base 16, what is -e22f - c?
-e23b
In base 4, what is 1 - -2330100101?
2330100102
In base 7, what is -1361623 + 0?
-1361623
In base 15, what is 3ad8a + -8?
3ad82
In base 16, what is -3600d0 - 0?
-3600d0
In base 13, what is -71 - 25064?
-25105
In base 9, what is 131 + -1423?
-1282
In base 14, what is -2 + -4ba8?
-4baa
In base 11, what is -117 + 24?
-a3
In base 16, what is -1 - 3ee8?
-3ee9
In base 16, what is 7d + 40?
bd
In base 9, what is 0 + 4524?
4524
In base 10, what is 1726 - -46?
1772
In base 7, what is 13524 - -532?
14356
In base 12, what is -1 - 592516?
-592517
In base 14, what is -153 + 459?
306
In base 8, what is 1212612 + -4?
1212606
In base 15, what is 4d3 - -596?
a79
In base 5, what is -340331 + -12?
-340343
In base 14, what is -ab2 + -4?
-ab6
In base 8, what is -240 + -573?
-1033
In base 3, what is -1000221201001 + -10?
-1000221201011
In base 4, what is 1023 - 31021?
-23332
In base 9, what is -12744 + 3?
-12741
In base 12, what is 1a - 6b536?
-6b518
In base 5, what is -111032112 - -1?
-111032111
In base 11, what is -36 - -44194?
44159
In base 8, what is 0 + 12571?
12571
In base 16, what is -826 + -12d?
-953
In base 8, what is 460 + -103?
355
In base 9, what is 121 + 274?
405
In base 10, what is 791 + 23?
814
In base 11, what is -37 + 1182?
1146
In base 13, what is -254 - 458?
-6ac
In base 15, what is -1 - -23698?
23697
In base 9, what is 2 - -20623?
20625
In base 2, what is 0 + 11101101010?
11101101010
In base 4, what is -20